{"id":5476,"date":"2022-09-26T06:33:14","date_gmt":"2022-09-26T06:33:14","guid":{"rendered":"https:\/\/ntkbiochem.vn\/?post_type=product&#038;p=5476"},"modified":"2024-01-22T23:35:45","modified_gmt":"2024-01-22T23:35:45","slug":"kapol-gtq-1030","status":"publish","type":"product","link":"https:\/\/ntkbiochem.vn\/?product=kapol-gtq-1030","title":{"rendered":"Ph\u1ee5 gia KAPOL GTQ 1030"},"content":{"rendered":"","protected":false},"excerpt":{"rendered":"<p>\u1ee8ng d\u1ee5ng: Nh\u0169 h\u00f3a t\u0103ng hi\u1ec7u qu\u1ea3 cho\u00a0 thu\u1ed1c c\u1ecf Glufosinat-Ammonium lo\u1ea1i 13.5SL, 150SL v\u00e0 200g\/l nh\u1eadp kh\u1ea9u t\u1eeb Trung Qu\u1ed1c.<\/p>\n<p>Quy c\u00e1ch: 225kgs\/phuy ho\u1eb7c 1,000kgs\/ tant HDPE<\/p>\n","protected":false},"featured_media":5478,"comment_status":"open","ping_status":"closed","template":"","meta":{"_uag_custom_page_level_css":"","site-sidebar-layout":"default","site-content-layout":"default","ast-site-content-layout":"default","site-content-style":"default","site-sidebar-style":"default","ast-global-header-display":"","ast-banner-title-visibility":"","ast-main-header-display":"","ast-hfb-above-header-display":"","ast-hfb-below-header-display":"","ast-hfb-mobile-header-display":"","site-post-title":"","ast-breadcrumbs-content":"","ast-featured-img":"","footer-sml-layout":"","ast-disable-related-posts":"","theme-transparent-header-meta":"default","adv-header-id-meta":"","stick-header-meta":"","header-above-stick-meta":"","header-main-stick-meta":"","header-below-stick-meta":"","astra-migrate-meta-layouts":"default","ast-page-background-enabled":"default","ast-page-background-meta":{"desktop":{"background-color":"","background-image":"","background-repeat":"repeat","background-position":"center center","background-size":"auto","background-attachment":"scroll","background-type":"","background-media":"","overlay-type":"","overlay-color":"","overlay-opacity":"","overlay-gradient":""},"tablet":{"background-color":"","background-image":"","background-repeat":"repeat","background-position":"center center","background-size":"auto","background-attachment":"scroll","background-type":"","background-media":"","overlay-type":"","overlay-color":"","overlay-opacity":"","overlay-gradient":""},"mobile":{"background-color":"","background-image":"","background-repeat":"repeat","background-position":"center center","background-size":"auto","background-attachment":"scroll","background-type":"","background-media":"","overlay-type":"","overlay-color":"","overlay-opacity":"","overlay-gradient":""}},"ast-content-background-meta":{"desktop":{"background-color":"var(--ast-global-color-5)","background-image":"","background-repeat":"repeat","background-position":"center center","background-size":"auto","background-attachment":"scroll","background-type":"","background-media":"","overlay-type":"","overlay-color":"","overlay-opacity":"","overlay-gradient":""},"tablet":{"background-color":"var(--ast-global-color-5)","background-image":"","background-repeat":"repeat","background-position":"center center","background-size":"auto","background-attachment":"scroll","background-type":"","background-media":"","overlay-type":"","overlay-color":"","overlay-opacity":"","overlay-gradient":""},"mobile":{"background-color":"var(--ast-global-color-5)","background-image":"","background-repeat":"repeat","background-position":"center center","background-size":"auto","background-attachment":"scroll","background-type":"","background-media":"","overlay-type":"","overlay-color":"","overlay-opacity":"","overlay-gradient":""}}},"product_brand":[],"product_cat":[37],"product_tag":[],"class_list":{"0":"post-5476","1":"product","2":"type-product","3":"status-publish","4":"has-post-thumbnail","6":"product_cat-phu-gia-dong-sl","7":"desktop-align-left","8":"tablet-align-left","9":"mobile-align-left","11":"first","12":"instock","13":"shipping-taxable","14":"product-type-simple"},"yoast_head":"<!-- This site is optimized with the Yoast SEO plugin v26.1.1 - https:\/\/yoast.com\/wordpress\/plugins\/seo\/ -->\n<title>Ph\u1ee5 gia KAPOL GTQ 1030 - NTK<\/title>\n<meta name=\"robots\" content=\"index, follow, max-snippet:-1, max-image-preview:large, max-video-preview:-1\" \/>\n<link rel=\"canonical\" href=\"https:\/\/ntkbiochem.vn\/?product=kapol-gtq-1030\" \/>\n<meta property=\"og:locale\" content=\"vi_VN\" \/>\n<meta property=\"og:type\" content=\"article\" \/>\n<meta property=\"og:title\" content=\"Ph\u1ee5 gia KAPOL GTQ 1030 - NTK\" \/>\n<meta property=\"og:description\" content=\"\u1ee8ng d\u1ee5ng: Nh\u0169 h\u00f3a t\u0103ng hi\u1ec7u qu\u1ea3 cho\u00a0 thu\u1ed1c c\u1ecf Glufosinat-Ammonium lo\u1ea1i 13.5SL, 150SL v\u00e0 200g\/l nh\u1eadp kh\u1ea9u t\u1eeb Trung Qu\u1ed1c.  Quy c\u00e1ch: 225kgs\/phuy ho\u1eb7c 1,000kgs\/ tant HDPE\" \/>\n<meta property=\"og:url\" content=\"https:\/\/ntkbiochem.vn\/?product=kapol-gtq-1030\" \/>\n<meta property=\"og:site_name\" content=\"NTK\" \/>\n<meta property=\"article:modified_time\" content=\"2024-01-22T23:35:45+00:00\" \/>\n<meta property=\"og:image\" content=\"https:\/\/ntkbiochem.vn\/wp-content\/uploads\/2022\/09\/KAPOL-GTQ-1030.png\" \/>\n\t<meta property=\"og:image:width\" content=\"1241\" \/>\n\t<meta property=\"og:image:height\" content=\"1241\" \/>\n\t<meta property=\"og:image:type\" content=\"image\/png\" \/>\n<meta name=\"twitter:card\" content=\"summary_large_image\" \/>\n<script type=\"application\/ld+json\" class=\"yoast-schema-graph\">{\"@context\":\"https:\/\/schema.org\",\"@graph\":[{\"@type\":\"WebPage\",\"@id\":\"https:\/\/ntkbiochem.vn\/?product=kapol-gtq-1030\",\"url\":\"https:\/\/ntkbiochem.vn\/?product=kapol-gtq-1030\",\"name\":\"Ph\u1ee5 gia KAPOL GTQ 1030 - NTK\",\"isPartOf\":{\"@id\":\"https:\/\/ntkbiochem.vn\/#website\"},\"primaryImageOfPage\":{\"@id\":\"https:\/\/ntkbiochem.vn\/?product=kapol-gtq-1030#primaryimage\"},\"image\":{\"@id\":\"https:\/\/ntkbiochem.vn\/?product=kapol-gtq-1030#primaryimage\"},\"thumbnailUrl\":\"https:\/\/ntkbiochem.vn\/wp-content\/uploads\/2022\/09\/KAPOL-GTQ-1030.png\",\"datePublished\":\"2022-09-26T06:33:14+00:00\",\"dateModified\":\"2024-01-22T23:35:45+00:00\",\"breadcrumb\":{\"@id\":\"https:\/\/ntkbiochem.vn\/?product=kapol-gtq-1030#breadcrumb\"},\"inLanguage\":\"vi\",\"potentialAction\":[{\"@type\":\"ReadAction\",\"target\":[\"https:\/\/ntkbiochem.vn\/?product=kapol-gtq-1030\"]}]},{\"@type\":\"ImageObject\",\"inLanguage\":\"vi\",\"@id\":\"https:\/\/ntkbiochem.vn\/?product=kapol-gtq-1030#primaryimage\",\"url\":\"https:\/\/ntkbiochem.vn\/wp-content\/uploads\/2022\/09\/KAPOL-GTQ-1030.png\",\"contentUrl\":\"https:\/\/ntkbiochem.vn\/wp-content\/uploads\/2022\/09\/KAPOL-GTQ-1030.png\",\"width\":1241,\"height\":1241,\"caption\":\"AA\"},{\"@type\":\"BreadcrumbList\",\"@id\":\"https:\/\/ntkbiochem.vn\/?product=kapol-gtq-1030#breadcrumb\",\"itemListElement\":[{\"@type\":\"ListItem\",\"position\":1,\"name\":\"Home\",\"item\":\"https:\/\/ntkbiochem.vn\/\"},{\"@type\":\"ListItem\",\"position\":2,\"name\":\"C\u1eeda H\u00e0ng\",\"item\":\"https:\/\/ntkbiochem.vn\/?page_id=401\"},{\"@type\":\"ListItem\",\"position\":3,\"name\":\"Ph\u1ee5 gia KAPOL GTQ 1030\"}]},{\"@type\":\"WebSite\",\"@id\":\"https:\/\/ntkbiochem.vn\/#website\",\"url\":\"https:\/\/ntkbiochem.vn\/\",\"name\":\"NTK\",\"description\":\"\",\"publisher\":{\"@id\":\"https:\/\/ntkbiochem.vn\/#organization\"},\"potentialAction\":[{\"@type\":\"SearchAction\",\"target\":{\"@type\":\"EntryPoint\",\"urlTemplate\":\"https:\/\/ntkbiochem.vn\/?s={search_term_string}\"},\"query-input\":{\"@type\":\"PropertyValueSpecification\",\"valueRequired\":true,\"valueName\":\"search_term_string\"}}],\"inLanguage\":\"vi\"},{\"@type\":\"Organization\",\"@id\":\"https:\/\/ntkbiochem.vn\/#organization\",\"name\":\"NTK\",\"url\":\"https:\/\/ntkbiochem.vn\/\",\"logo\":{\"@type\":\"ImageObject\",\"inLanguage\":\"vi\",\"@id\":\"https:\/\/ntkbiochem.vn\/#\/schema\/logo\/image\/\",\"url\":\"https:\/\/ntkbiochem.vn\/wp-content\/uploads\/2022\/09\/cropped-cropped-cropped-logo-1.png\",\"contentUrl\":\"https:\/\/ntkbiochem.vn\/wp-content\/uploads\/2022\/09\/cropped-cropped-cropped-logo-1.png\",\"width\":495,\"height\":328,\"caption\":\"NTK\"},\"image\":{\"@id\":\"https:\/\/ntkbiochem.vn\/#\/schema\/logo\/image\/\"}}]}<\/script>\n<!-- \/ Yoast SEO plugin. -->","yoast_head_json":{"title":"Ph\u1ee5 gia KAPOL GTQ 1030 - NTK","robots":{"index":"index","follow":"follow","max-snippet":"max-snippet:-1","max-image-preview":"max-image-preview:large","max-video-preview":"max-video-preview:-1"},"canonical":"https:\/\/ntkbiochem.vn\/?product=kapol-gtq-1030","og_locale":"vi_VN","og_type":"article","og_title":"Ph\u1ee5 gia KAPOL GTQ 1030 - NTK","og_description":"\u1ee8ng d\u1ee5ng: Nh\u0169 h\u00f3a t\u0103ng hi\u1ec7u qu\u1ea3 cho\u00a0 thu\u1ed1c c\u1ecf Glufosinat-Ammonium lo\u1ea1i 13.5SL, 150SL v\u00e0 200g\/l nh\u1eadp kh\u1ea9u t\u1eeb Trung Qu\u1ed1c.  Quy c\u00e1ch: 225kgs\/phuy ho\u1eb7c 1,000kgs\/ tant HDPE","og_url":"https:\/\/ntkbiochem.vn\/?product=kapol-gtq-1030","og_site_name":"NTK","article_modified_time":"2024-01-22T23:35:45+00:00","og_image":[{"width":1241,"height":1241,"url":"https:\/\/ntkbiochem.vn\/wp-content\/uploads\/2022\/09\/KAPOL-GTQ-1030.png","type":"image\/png"}],"twitter_card":"summary_large_image","schema":{"@context":"https:\/\/schema.org","@graph":[{"@type":"WebPage","@id":"https:\/\/ntkbiochem.vn\/?product=kapol-gtq-1030","url":"https:\/\/ntkbiochem.vn\/?product=kapol-gtq-1030","name":"Ph\u1ee5 gia KAPOL GTQ 1030 - NTK","isPartOf":{"@id":"https:\/\/ntkbiochem.vn\/#website"},"primaryImageOfPage":{"@id":"https:\/\/ntkbiochem.vn\/?product=kapol-gtq-1030#primaryimage"},"image":{"@id":"https:\/\/ntkbiochem.vn\/?product=kapol-gtq-1030#primaryimage"},"thumbnailUrl":"https:\/\/ntkbiochem.vn\/wp-content\/uploads\/2022\/09\/KAPOL-GTQ-1030.png","datePublished":"2022-09-26T06:33:14+00:00","dateModified":"2024-01-22T23:35:45+00:00","breadcrumb":{"@id":"https:\/\/ntkbiochem.vn\/?product=kapol-gtq-1030#breadcrumb"},"inLanguage":"vi","potentialAction":[{"@type":"ReadAction","target":["https:\/\/ntkbiochem.vn\/?product=kapol-gtq-1030"]}]},{"@type":"ImageObject","inLanguage":"vi","@id":"https:\/\/ntkbiochem.vn\/?product=kapol-gtq-1030#primaryimage","url":"https:\/\/ntkbiochem.vn\/wp-content\/uploads\/2022\/09\/KAPOL-GTQ-1030.png","contentUrl":"https:\/\/ntkbiochem.vn\/wp-content\/uploads\/2022\/09\/KAPOL-GTQ-1030.png","width":1241,"height":1241,"caption":"AA"},{"@type":"BreadcrumbList","@id":"https:\/\/ntkbiochem.vn\/?product=kapol-gtq-1030#breadcrumb","itemListElement":[{"@type":"ListItem","position":1,"name":"Home","item":"https:\/\/ntkbiochem.vn\/"},{"@type":"ListItem","position":2,"name":"C\u1eeda H\u00e0ng","item":"https:\/\/ntkbiochem.vn\/?page_id=401"},{"@type":"ListItem","position":3,"name":"Ph\u1ee5 gia KAPOL GTQ 1030"}]},{"@type":"WebSite","@id":"https:\/\/ntkbiochem.vn\/#website","url":"https:\/\/ntkbiochem.vn\/","name":"NTK","description":"","publisher":{"@id":"https:\/\/ntkbiochem.vn\/#organization"},"potentialAction":[{"@type":"SearchAction","target":{"@type":"EntryPoint","urlTemplate":"https:\/\/ntkbiochem.vn\/?s={search_term_string}"},"query-input":{"@type":"PropertyValueSpecification","valueRequired":true,"valueName":"search_term_string"}}],"inLanguage":"vi"},{"@type":"Organization","@id":"https:\/\/ntkbiochem.vn\/#organization","name":"NTK","url":"https:\/\/ntkbiochem.vn\/","logo":{"@type":"ImageObject","inLanguage":"vi","@id":"https:\/\/ntkbiochem.vn\/#\/schema\/logo\/image\/","url":"https:\/\/ntkbiochem.vn\/wp-content\/uploads\/2022\/09\/cropped-cropped-cropped-logo-1.png","contentUrl":"https:\/\/ntkbiochem.vn\/wp-content\/uploads\/2022\/09\/cropped-cropped-cropped-logo-1.png","width":495,"height":328,"caption":"NTK"},"image":{"@id":"https:\/\/ntkbiochem.vn\/#\/schema\/logo\/image\/"}}]}},"uagb_featured_image_src":{"full":["https:\/\/ntkbiochem.vn\/wp-content\/uploads\/2022\/09\/KAPOL-GTQ-1030.png",1241,1241,false],"thumbnail":["https:\/\/ntkbiochem.vn\/wp-content\/uploads\/2022\/09\/KAPOL-GTQ-1030-150x150.png",150,150,true],"medium":["https:\/\/ntkbiochem.vn\/wp-content\/uploads\/2022\/09\/KAPOL-GTQ-1030-300x300.png",300,300,true],"medium_large":["https:\/\/ntkbiochem.vn\/wp-content\/uploads\/2022\/09\/KAPOL-GTQ-1030-768x768.png",768,768,true],"large":["https:\/\/ntkbiochem.vn\/wp-content\/uploads\/2022\/09\/KAPOL-GTQ-1030-1024x1024.png",1024,1024,true],"1536x1536":["https:\/\/ntkbiochem.vn\/wp-content\/uploads\/2022\/09\/KAPOL-GTQ-1030.png",1241,1241,false],"2048x2048":["https:\/\/ntkbiochem.vn\/wp-content\/uploads\/2022\/09\/KAPOL-GTQ-1030.png",1241,1241,false],"woocommerce_thumbnail":["https:\/\/ntkbiochem.vn\/wp-content\/uploads\/2022\/09\/KAPOL-GTQ-1030-300x300.png",300,300,true],"woocommerce_single":["https:\/\/ntkbiochem.vn\/wp-content\/uploads\/2022\/09\/KAPOL-GTQ-1030-600x600.png",600,600,true],"woocommerce_gallery_thumbnail":["https:\/\/ntkbiochem.vn\/wp-content\/uploads\/2022\/09\/KAPOL-GTQ-1030-100x100.png",100,100,true]},"uagb_author_info":{"display_name":"admin","author_link":"https:\/\/ntkbiochem.vn\/?author=0"},"uagb_comment_info":1,"uagb_excerpt":"\u1ee8ng d\u1ee5ng: Nh\u0169 h\u00f3a t\u0103ng hi\u1ec7u qu\u1ea3 cho\u00a0 thu\u1ed1c c\u1ecf Glufosinat-Ammonium lo\u1ea1i 13.5SL, 150SL v\u00e0 200g\/l nh\u1eadp kh\u1ea9u t\u1eeb Trung Qu\u1ed1c. Quy c\u00e1ch: 225kgs\/phuy ho\u1eb7c 1,000kgs\/ tant HDPE","_links":{"self":[{"href":"https:\/\/ntkbiochem.vn\/index.php?rest_route=\/wp\/v2\/product\/5476","targetHints":{"allow":["GET"]}}],"collection":[{"href":"https:\/\/ntkbiochem.vn\/index.php?rest_route=\/wp\/v2\/product"}],"about":[{"href":"https:\/\/ntkbiochem.vn\/index.php?rest_route=\/wp\/v2\/types\/product"}],"replies":[{"embeddable":true,"href":"https:\/\/ntkbiochem.vn\/index.php?rest_route=%2Fwp%2Fv2%2Fcomments&post=5476"}],"wp:featuredmedia":[{"embeddable":true,"href":"https:\/\/ntkbiochem.vn\/index.php?rest_route=\/wp\/v2\/media\/5478"}],"wp:attachment":[{"href":"https:\/\/ntkbiochem.vn\/index.php?rest_route=%2Fwp%2Fv2%2Fmedia&parent=5476"}],"wp:term":[{"taxonomy":"product_brand","embeddable":true,"href":"https:\/\/ntkbiochem.vn\/index.php?rest_route=%2Fwp%2Fv2%2Fproduct_brand&post=5476"},{"taxonomy":"product_cat","embeddable":true,"href":"https:\/\/ntkbiochem.vn\/index.php?rest_route=%2Fwp%2Fv2%2Fproduct_cat&post=5476"},{"taxonomy":"product_tag","embeddable":true,"href":"https:\/\/ntkbiochem.vn\/index.php?rest_route=%2Fwp%2Fv2%2Fproduct_tag&post=5476"}],"curies":[{"name":"wp","href":"https:\/\/api.w.org\/{rel}","templated":true}]}}